{"id":23,"date":"2016-03-21T05:39:20","date_gmt":"2016-03-21T04:39:20","guid":{"rendered":"http:\/\/bigdata.nc\/?page_id=23"},"modified":"2021-07-29T10:32:02","modified_gmt":"2021-07-28T23:32:02","slug":"identite","status":"publish","type":"page","link":"https:\/\/bigdata.nc\/?page_id=23","title":{"rendered":"Identit\u00e9"},"content":{"rendered":"<hr \/>\n<div id=\"fb-root\"><\/div>\n<p><script>(function(d, s, id) {<br \/>\n  var js, fjs = d.getElementsByTagName(s)[0];<br \/>\n  if (d.getElementById(id)) return;<br \/>\n  js = d.createElement(s); js.id = id;<br \/>\n  js.src = \"\/\/connect.facebook.net\/fr_FR\/sdk.js#xfbml=1&version=v2.10&appId=1338588556175211\";<br \/>\n  fjs.parentNode.insertBefore(js, fjs);<br \/>\n}(document, 'script', 'facebook-jssdk'));<\/script><img loading=\"lazy\" decoding=\"async\" class=\"aligncenter wp-image-1012 \" src=\"https:\/\/bigdata.nc\/wp-content\/uploads\/2021\/07\/logobd280X280.png\" alt=\"\" width=\"116\" height=\"116\" srcset=\"https:\/\/bigdata.nc\/wp-content\/uploads\/2021\/07\/logobd280X280.png 280w, https:\/\/bigdata.nc\/wp-content\/uploads\/2021\/07\/logobd280X280-150x150.png 150w\" sizes=\"auto, (max-width: 116px) 100vw, 116px\" \/><\/p>\n<p><span style=\"font-size: 14pt;\">BIGDATA est une ESN Cal\u00e9donienne (entreprise sp\u00e9cialis\u00e9e en services num\u00e9riques ) constitu\u00e9e en 2011. <\/span><\/p>\n<p><span style=\"font-size: 14pt;\">Nos prestations toutes li\u00e9es \u00e0 la collecte au traitement et \u00e0 la conservation s\u00e9curis\u00e9e des donn\u00e9es s&#8217;articulent selon plusieurs th\u00e8mes :<\/span><\/p>\n<p><a href=\"https:\/\/bigdata.nc\/?page_id=38\"><span style=\"font-size: 14pt;\"><span style=\"text-decoration: underline;\"><strong>L&#8217;ANALYSE DE FREQUENTATION<\/strong><\/span>\u00a0<\/span><\/a><\/p>\n<p><a href=\"https:\/\/bigdata.nc\/?page_id=26\"><span style=\"text-decoration: underline; font-size: 14pt;\"><strong>Le SOCIAL WIFI<\/strong><\/span><\/a><\/p>\n<p><span style=\"text-decoration: underline; font-size: 14pt;\"><strong>Le DATA MARKETING<\/strong><\/span><\/p>\n<p><span style=\"text-decoration: underline; font-size: 14pt;\"><strong>LE PHYGITAL MARKETING<\/strong><\/span><\/p>\n<p><span style=\"text-decoration: underline; font-size: 14pt;\"><strong>LA GESTION DE DONNEES RH<\/strong><\/span><\/p>\n<p><span style=\"font-size: 14pt;\">Notre objectif : Permettre aux commerces physiques d&#8217;avoir les m\u00eame informations que les commer\u00e7ants en ligne afin d&#8217;adapter leur strat\u00e9gie de vente et \u00eatre le plus efficace possible dans leurs strat\u00e9gies commerciales et marketing.\u00a0<\/span><\/p>\n<div class=\"fb-page\" style=\"text-align: center;\" data-href=\"https:\/\/www.facebook.com\/bigdatanc\/\" data-tabs=\"timeline\" data-small-header=\"false\" data-adapt-container-width=\"true\" data-hide-cover=\"false\" data-show-facepile=\"true\">\n<blockquote class=\"fb-xfbml-parse-ignore\" cite=\"https:\/\/www.facebook.com\/bigdatanc\/\"><p><a href=\"https:\/\/www.facebook.com\/bigdatanc\/\">BIG DATA<\/a><\/p><\/blockquote>\n<\/div>\n","protected":false},"excerpt":{"rendered":"<p>BIGDATA est une ESN Cal\u00e9donienne (entreprise sp\u00e9cialis\u00e9e en services num\u00e9riques ) constitu\u00e9e en 2011. Nos prestations toutes li\u00e9es \u00e0 la collecte au traitement et \u00e0 la conservation s\u00e9curis\u00e9e des donn\u00e9es s&#8217;articulent selon plusieurs th\u00e8mes : L&#8217;ANALYSE DE FREQUENTATION\u00a0 Le SOCIAL WIFI Le DATA MARKETING LE PHYGITAL MARKETING LA GESTION DE DONNEES RH Notre objectif : [&hellip;]<\/p>\n","protected":false},"author":1,"featured_media":0,"parent":0,"menu_order":0,"comment_status":"closed","ping_status":"closed","template":"","meta":{"footnotes":""},"categories":[],"tags":[],"class_list":["post-23","page","type-page","status-publish","hentry","blog-style1"],"_links":{"self":[{"href":"https:\/\/bigdata.nc\/index.php?rest_route=\/wp\/v2\/pages\/23","targetHints":{"allow":["GET"]}}],"collection":[{"href":"https:\/\/bigdata.nc\/index.php?rest_route=\/wp\/v2\/pages"}],"about":[{"href":"https:\/\/bigdata.nc\/index.php?rest_route=\/wp\/v2\/types\/page"}],"author":[{"embeddable":true,"href":"https:\/\/bigdata.nc\/index.php?rest_route=\/wp\/v2\/users\/1"}],"replies":[{"embeddable":true,"href":"https:\/\/bigdata.nc\/index.php?rest_route=%2Fwp%2Fv2%2Fcomments&post=23"}],"version-history":[{"count":18,"href":"https:\/\/bigdata.nc\/index.php?rest_route=\/wp\/v2\/pages\/23\/revisions"}],"predecessor-version":[{"id":1016,"href":"https:\/\/bigdata.nc\/index.php?rest_route=\/wp\/v2\/pages\/23\/revisions\/1016"}],"wp:attachment":[{"href":"https:\/\/bigdata.nc\/index.php?rest_route=%2Fwp%2Fv2%2Fmedia&parent=23"}],"wp:term":[{"taxonomy":"category","embeddable":true,"href":"https:\/\/bigdata.nc\/index.php?rest_route=%2Fwp%2Fv2%2Fcategories&post=23"},{"taxonomy":"post_tag","embeddable":true,"href":"https:\/\/bigdata.nc\/index.php?rest_route=%2Fwp%2Fv2%2Ftags&post=23"}],"curies":[{"name":"wp","href":"https:\/\/api.w.org\/{rel}","templated":true}]}}