{"id":249,"date":"2016-05-25T17:26:31","date_gmt":"2016-05-25T06:26:31","guid":{"rendered":"http:\/\/bigdata.nc\/?page_id=249"},"modified":"2017-10-26T15:11:10","modified_gmt":"2017-10-26T04:11:10","slug":"wifi-gratuit-que-dit-la-loi","status":"publish","type":"page","link":"https:\/\/bigdata.nc\/?page_id=249","title":{"rendered":"WIFI GRATUIT QUE DIT LA LOI"},"content":{"rendered":"<p><img loading=\"lazy\" decoding=\"async\" class=\"size-full wp-image-251\" src=\"https:\/\/bigdata.nc\/wp-content\/uploads\/2016\/05\/LA-LOI.jpg\" alt=\"Concept of legal studying isolated on white\" width=\"1500\" height=\"351\" srcset=\"https:\/\/bigdata.nc\/wp-content\/uploads\/2016\/05\/LA-LOI.jpg 1500w, https:\/\/bigdata.nc\/wp-content\/uploads\/2016\/05\/LA-LOI-300x70.jpg 300w, https:\/\/bigdata.nc\/wp-content\/uploads\/2016\/05\/LA-LOI-768x180.jpg 768w, https:\/\/bigdata.nc\/wp-content\/uploads\/2016\/05\/LA-LOI-1024x240.jpg 1024w\" sizes=\"auto, (max-width: 1500px) 100vw, 1500px\" \/><\/p>\n<p><span style=\"font-size: 14pt;\">Donner acc\u00e8s \u00e0 Internet constitue aujourd\u2019hui pour certains professionnels (cybercaf\u00e9s, h\u00f4tels, bars ou autres lieux de restauration avec le d\u00e9veloppement des zones \u00ab\u00a0Wi-Fi\u00a0\u00bb \u2026) une prestation essentielle attendue par leurs clients. Ce service est, toutefois, soumis \u00e0 des obligations strictement encadr\u00e9es par la loi.<\/span><\/p>\n<p><span style=\"font-size: 14pt;\">En effet, si en principe la navigation et la communication sur Internet reposent sur l\u2019anonymat et l\u2019effacement des donn\u00e9es relatives au trafic, la loi contraint les personnes qui offrent un acc\u00e8s au r\u00e9seau Internet \u00e0 conserver les donn\u00e9es techniques de leurs clients, pour les transmettre \u00e9ventuellement aux services de police.<\/span><\/p>\n<p><span style=\"text-decoration: underline; font-size: 14pt;\"><strong>1. La conservation des donn\u00e9es personnelles<\/strong><\/span><\/p>\n<p><span style=\"font-size: 14pt;\">La loi pour la confiance dans l\u2019\u00e9conomie num\u00e9rique du 21 juin 2004 (dite LCEN) impose aux FAI la conservation des donn\u00e9es \u00ab\u00a0de nature \u00e0 permettre l\u2019identification de quiconque a contribu\u00e9 \u00e0 la cr\u00e9ation du contenu ou de l\u2019un des contenus des services dont elle est prestataire\u00a0\u00bb (article 6 II). Ainsi, le FAI doit, pour les besoins de la recherche, de la constatation et de la poursuite des infractions p\u00e9nales, et dans le seul but de permettre la mise \u00e0 disposition de l\u2019autorit\u00e9 judiciaire d\u2019informations, pouvoir &#8220;d\u00e9confidentialiser&#8221; les donn\u00e9es si l\u2019autorit\u00e9 judiciaire lui en fait la demande.<\/span><\/p>\n<p><span style=\"font-size: 14pt;\">La loi n\u00b0\u00a02006-64 du 23 janvier 2006, relative \u00e0 la lutte contre le terrorisme, \u00e0 \u00e9tendu cette obligation \u00e0 l\u2019ensemble des personnes qui, au titre d\u2019une activit\u00e9 professionnelle principale ou accessoire, offrent au public une connexion permettant une communication en ligne par l\u2019interm\u00e9diaire d\u2019un acc\u00e8s au r\u00e9seau, y compris \u00e0 titre gratuit.<\/span><\/p>\n<p><span style=\"font-size: 14pt;\">L\u2019article L.34-1 du code des postes et des communications \u00e9lectroniques (CPCE), modifi\u00e9 par la loi du 23 janvier 2006, tend \u00e0 soumettre les personnes offrant au public \u00e0 titre professionnel une connexion \u00e0 l\u2019Internet aux m\u00eames obligations que les op\u00e9rateurs de communications \u00e9lectroniques classiques, s\u2019agissant des obligations de conservation de donn\u00e9es permettant l\u2019identification des personnes utilisatrices des services fournis.<\/span><\/p>\n<p><span style=\"font-size: 14pt;\">Ainsi, en fournissant un acc\u00e8s Wifi au public \u00e0 partir d\u2019une connexion Internet, l\u2019on endosse les m\u00eames responsabilit\u00e9s que le FAI.<\/span><\/p>\n<p><span style=\"text-decoration: underline; font-size: 14pt;\"><strong>2. Qui est concern\u00e9 par la loi\u00a0?<\/strong><\/span><\/p>\n<p><span style=\"font-size: 14pt;\">Il s\u2019agit de toutes \u00ab\u00a0personnes qui, au titre d\u2019une activit\u00e9 professionnelle principale ou accessoire, offrent au public une connexion permettant une communication en ligne par l\u2019interm\u00e9diaire d\u2019un acc\u00e8s au r\u00e9seau, <span style=\"text-decoration: underline;\">y compris \u00e0 titre gratuit<\/span>\u00a0\u00bb.<\/span><\/p>\n<p>&nbsp;<\/p>\n<p><span style=\"text-decoration: underline; font-size: 14pt;\"><strong>3. Cat\u00e9gories de donn\u00e9es de conservation\u00a0<\/strong><\/span><\/p>\n<p>&nbsp;<\/p>\n<ul>\n<li><span style=\"font-size: 14pt;\">L&#8217;adresse MAC de l&#8217;appareil de l&#8217;utilisateur.<\/span><\/li>\n<li><span style=\"font-size: 14pt;\">Les donn\u00e9es relatives aux \u00e9quipements terminaux de communication utilis\u00e9s.<\/span><\/li>\n<li><span style=\"font-size: 14pt;\">Les caract\u00e9ristiques techniques ainsi que la date, l\u2019horaire et la dur\u00e9e de chaque communication.<\/span><\/li>\n<li><span style=\"font-size: 14pt;\">Les donn\u00e9es relatives aux services compl\u00e9mentaires demand\u00e9s ou utilis\u00e9s et leurs fournisseurs.<\/span><\/li>\n<li><span style=\"font-size: 14pt;\">Les donn\u00e9es permettant d\u2019identifier le ou les destinataires de la communication.<\/span><\/li>\n<\/ul>\n<p>&nbsp;<\/p>\n<p><span style=\"font-size: 14pt;\">Tout manquement \u00e0 l\u2019obligation de conservation des donn\u00e9es expose la personne \u00e0 laquelle incombe cette obligation aux sanctions vis\u00e9es \u00e0 l\u2019article L. 39-3 du CPCE, soit un an d\u2019emprisonnement et 75.000 euros d\u2019amende pour les personnes physiques, et 375.000 euros pour les personnes morales (en application de l\u2019article 131-38 du code p\u00e9nal).<\/span><\/p>\n<p>&nbsp;<\/p>\n<p><span style=\"font-size: 14pt;\">Le fait, sans raison valable, de refuser de fournir les informations ou documents ou de faire obstacle au d\u00e9roulement d\u2019une enqu\u00eate est puni de trois mois d\u2019emprisonnement et\/ou de 30 000 euros d\u2019amende (Article L39-4 du CPCE).<\/span><\/p>\n","protected":false},"excerpt":{"rendered":"<p>Donner acc\u00e8s \u00e0 Internet constitue aujourd\u2019hui pour certains professionnels (cybercaf\u00e9s, h\u00f4tels, bars ou autres lieux de restauration avec le d\u00e9veloppement des zones \u00ab\u00a0Wi-Fi\u00a0\u00bb \u2026) une prestation essentielle attendue par leurs clients. Ce service est, toutefois, soumis \u00e0 des obligations strictement encadr\u00e9es par la loi. En effet, si en principe la navigation et la communication sur [&hellip;]<\/p>\n","protected":false},"author":1,"featured_media":0,"parent":26,"menu_order":0,"comment_status":"closed","ping_status":"closed","template":"","meta":{"footnotes":""},"categories":[],"tags":[],"class_list":["post-249","page","type-page","status-publish","hentry","blog-style1"],"_links":{"self":[{"href":"https:\/\/bigdata.nc\/index.php?rest_route=\/wp\/v2\/pages\/249","targetHints":{"allow":["GET"]}}],"collection":[{"href":"https:\/\/bigdata.nc\/index.php?rest_route=\/wp\/v2\/pages"}],"about":[{"href":"https:\/\/bigdata.nc\/index.php?rest_route=\/wp\/v2\/types\/page"}],"author":[{"embeddable":true,"href":"https:\/\/bigdata.nc\/index.php?rest_route=\/wp\/v2\/users\/1"}],"replies":[{"embeddable":true,"href":"https:\/\/bigdata.nc\/index.php?rest_route=%2Fwp%2Fv2%2Fcomments&post=249"}],"version-history":[{"count":3,"href":"https:\/\/bigdata.nc\/index.php?rest_route=\/wp\/v2\/pages\/249\/revisions"}],"predecessor-version":[{"id":819,"href":"https:\/\/bigdata.nc\/index.php?rest_route=\/wp\/v2\/pages\/249\/revisions\/819"}],"up":[{"embeddable":true,"href":"https:\/\/bigdata.nc\/index.php?rest_route=\/wp\/v2\/pages\/26"}],"wp:attachment":[{"href":"https:\/\/bigdata.nc\/index.php?rest_route=%2Fwp%2Fv2%2Fmedia&parent=249"}],"wp:term":[{"taxonomy":"category","embeddable":true,"href":"https:\/\/bigdata.nc\/index.php?rest_route=%2Fwp%2Fv2%2Fcategories&post=249"},{"taxonomy":"post_tag","embeddable":true,"href":"https:\/\/bigdata.nc\/index.php?rest_route=%2Fwp%2Fv2%2Ftags&post=249"}],"curies":[{"name":"wp","href":"https:\/\/api.w.org\/{rel}","templated":true}]}}