{"id":66,"date":"2016-03-24T14:57:41","date_gmt":"2016-03-24T03:57:41","guid":{"rendered":"http:\/\/bigdata.nc\/?page_id=66"},"modified":"2021-09-10T15:55:06","modified_gmt":"2021-09-10T04:55:06","slug":"vous-gerez-un-etablissement-recevant-du-publique","status":"publish","type":"page","link":"https:\/\/bigdata.nc\/?page_id=66","title":{"rendered":"Vous dirigez un \u00e9tablissement recevant du public"},"content":{"rendered":"<p style=\"text-align: center;\"><img loading=\"lazy\" decoding=\"async\" class=\"aligncenter size-full wp-image-153\" src=\"https:\/\/bigdata.nc\/wp-content\/uploads\/2016\/04\/djibaou.png\" alt=\"djibaou\" width=\"1500\" height=\"350\" srcset=\"https:\/\/bigdata.nc\/wp-content\/uploads\/2016\/04\/djibaou.png 1500w, https:\/\/bigdata.nc\/wp-content\/uploads\/2016\/04\/djibaou-300x70.png 300w, https:\/\/bigdata.nc\/wp-content\/uploads\/2016\/04\/djibaou-768x179.png 768w, https:\/\/bigdata.nc\/wp-content\/uploads\/2016\/04\/djibaou-1024x239.png 1024w\" sizes=\"auto, (max-width: 1500px) 100vw, 1500px\" \/><\/p>\n<p style=\"text-align: center;\"><strong><span style=\"font-size: 18pt;\">VOUS DIRIGEZ UN ETABLISSEMENT RECEVANT DU PUBLIC<\/span><\/strong><\/p>\n<ul>\n<li><span style=\"font-size: 14pt;\">Comptage : D\u00e9nombrez le nombre de visiteurs dans votre \u00e9tablissement.\u00a0<\/span><\/li>\n<li><span style=\"font-size: 14pt;\">Temps de parcours : D\u00e9couvrez le temps que passent les visiteurs au sein de votre \u00e9tablissement.\u00a0<\/span><\/li>\n<li><span style=\"font-size: 14pt;\">Int\u00e9r\u00eat : Mesurez l&#8217;impact de vos expositions sur le nombre de visiteurs.\u00a0<\/span><\/li>\n<li><span style=\"font-size: 14pt;\">Heatzones : Zones chaudes, zones froides, analysez pr\u00e9cis\u00e9ment les zones fr\u00e9quent\u00e9es et d\u00e9laiss\u00e9es de votre \u00e9tablissement.\u00a0<\/span><\/li>\n<li><span style=\"font-size: 14pt;\">Flux de visiteurs : Visualisez la fa\u00e7on dont se d\u00e9placent vos visiteurs.\u00a0<\/span><\/li>\n<li><span style=\"font-size: 14pt;\">Fidelit\u00e9 : Quelle est la fid\u00e9lit\u00e9 \u00a0de votre public<\/span><\/li>\n<\/ul>\n<p><img loading=\"lazy\" decoding=\"async\" class=\"aligncenter size-full wp-image-168\" src=\"https:\/\/bigdata.nc\/wp-content\/uploads\/2016\/03\/AQUARIUM.png\" alt=\"AQUARIUM\" width=\"1500\" height=\"350\" srcset=\"https:\/\/bigdata.nc\/wp-content\/uploads\/2016\/03\/AQUARIUM.png 1500w, https:\/\/bigdata.nc\/wp-content\/uploads\/2016\/03\/AQUARIUM-300x70.png 300w, https:\/\/bigdata.nc\/wp-content\/uploads\/2016\/03\/AQUARIUM-768x179.png 768w, https:\/\/bigdata.nc\/wp-content\/uploads\/2016\/03\/AQUARIUM-1024x239.png 1024w\" sizes=\"auto, (max-width: 1500px) 100vw, 1500px\" \/><\/p>\n<p style=\"text-align: center;\"><strong><span style=\"font-size: 18pt;\">ALLER PLUS LOIN AVEC L&#8217;ANALYSE DE FREQUENTATION<\/span><\/strong><\/p>\n<ul>\n<li style=\"text-align: left;\"><span style=\"font-size: 14pt;\">Automatisez votre visite guid\u00e9e en fonction de la position du visiteur<\/span><\/li>\n<li style=\"text-align: left;\"><span style=\"font-size: 14pt;\">Rompez l&#8217;anonymat et entrez en interaction\u00a0grace \u00e0 <a href=\"https:\/\/bigdata.nc\/?page_id=26\">socialwifi<\/a><\/span><\/li>\n<\/ul>\n","protected":false},"excerpt":{"rendered":"<p>VOUS DIRIGEZ UN ETABLISSEMENT RECEVANT DU PUBLIC Comptage : D\u00e9nombrez le nombre de visiteurs dans votre \u00e9tablissement.\u00a0 Temps de parcours : D\u00e9couvrez le temps que passent les visiteurs au sein de votre \u00e9tablissement.\u00a0 Int\u00e9r\u00eat : Mesurez l&#8217;impact de vos expositions sur le nombre de visiteurs.\u00a0 Heatzones : Zones chaudes, zones froides, analysez pr\u00e9cis\u00e9ment les zones [&hellip;]<\/p>\n","protected":false},"author":1,"featured_media":0,"parent":38,"menu_order":0,"comment_status":"closed","ping_status":"closed","template":"","meta":{"footnotes":""},"categories":[],"tags":[],"class_list":["post-66","page","type-page","status-publish","hentry","blog-style1"],"_links":{"self":[{"href":"https:\/\/bigdata.nc\/index.php?rest_route=\/wp\/v2\/pages\/66","targetHints":{"allow":["GET"]}}],"collection":[{"href":"https:\/\/bigdata.nc\/index.php?rest_route=\/wp\/v2\/pages"}],"about":[{"href":"https:\/\/bigdata.nc\/index.php?rest_route=\/wp\/v2\/types\/page"}],"author":[{"embeddable":true,"href":"https:\/\/bigdata.nc\/index.php?rest_route=\/wp\/v2\/users\/1"}],"replies":[{"embeddable":true,"href":"https:\/\/bigdata.nc\/index.php?rest_route=%2Fwp%2Fv2%2Fcomments&post=66"}],"version-history":[{"count":8,"href":"https:\/\/bigdata.nc\/index.php?rest_route=\/wp\/v2\/pages\/66\/revisions"}],"predecessor-version":[{"id":1137,"href":"https:\/\/bigdata.nc\/index.php?rest_route=\/wp\/v2\/pages\/66\/revisions\/1137"}],"up":[{"embeddable":true,"href":"https:\/\/bigdata.nc\/index.php?rest_route=\/wp\/v2\/pages\/38"}],"wp:attachment":[{"href":"https:\/\/bigdata.nc\/index.php?rest_route=%2Fwp%2Fv2%2Fmedia&parent=66"}],"wp:term":[{"taxonomy":"category","embeddable":true,"href":"https:\/\/bigdata.nc\/index.php?rest_route=%2Fwp%2Fv2%2Fcategories&post=66"},{"taxonomy":"post_tag","embeddable":true,"href":"https:\/\/bigdata.nc\/index.php?rest_route=%2Fwp%2Fv2%2Ftags&post=66"}],"curies":[{"name":"wp","href":"https:\/\/api.w.org\/{rel}","templated":true}]}}