{"id":956,"date":"2018-08-07T09:29:00","date_gmt":"2018-08-06T22:29:00","guid":{"rendered":"http:\/\/bigdata.nc\/?page_id=956"},"modified":"2018-08-07T09:46:22","modified_gmt":"2018-08-06T22:46:22","slug":"politique-de-confidentialite","status":"publish","type":"page","link":"https:\/\/bigdata.nc\/?page_id=956","title":{"rendered":"Politique de confidentialit\u00e9"},"content":{"rendered":"<h1 style=\"text-align: center;\">Politique de confidentialit\u00e9<\/h1>\n<p>Quand cette politique de confidentialit\u00e9 s&#8217;applique-t-elle ?<\/p>\n<p>La politique de confidentialit\u00e9 suivante d\u00e9termine comment nous traitons les donn\u00e9es personnelles et assurons la bonne ex\u00e9cution des r\u00e8gles r\u00e9sultant du r\u00e8glement (UE) 2016\/679 du Parlement europ\u00e9en et du Conseil du 27 avril 2016 relatif \u00e0 la protection des personnes physiques \u00e0 l&#8217;\u00e9gard du traitement des donn\u00e9es \u00e0 caract\u00e8re personnel et \u00e0 la libre circulation de ces donn\u00e9es, et abrogeant la directive 95\/46\/CE (r\u00e8glement g\u00e9n\u00e9ral sur la protection des donn\u00e9es, ci-apr\u00e8s d\u00e9nomm\u00e9 &#8220;GDPR&#8221;). La politique de confidentialit\u00e9 affecte les donn\u00e9es personnelles qui sont trait\u00e9es pendant et en relation avec notre activit\u00e9. Nous d\u00e9clarons par la pr\u00e9sente que nous apportons une attention et un soin particulier \u00e0 la protection de la vie priv\u00e9e des donn\u00e9es que nous avons recueillies concernant les personnes concern\u00e9es, en particulier celles qui nous permettent d&#8217;identifier la personne (&#8220;donn\u00e9es personnelles&#8221;).<\/p>\n<p>&nbsp;<\/p>\n<p>Qui g\u00e8re vos donn\u00e9es personnelles ?<\/p>\n<p>L&#8217;administrateur de vos donn\u00e9es personnelles est BIGDATA Entreprise Cal\u00e9donienne dont le si\u00e8ge social est situ\u00e9 \u00e0 24,rue du Commandant Rivi\u00e8re, enregistr\u00e9 par le Tribunal \u00a0de Noum\u00e9a, Ridet 1 079 433.001 repr\u00e9sent\u00e9 par Jean-Philippe Simon DPO\u00a0 Notre courriel de contact : bigdatanc@gmail.com<\/p>\n<p>&nbsp;<\/p>\n<p>Comment recueillons-nous vos donn\u00e9es personnelles ?<\/p>\n<p>Nous recueillons des donn\u00e9es personnelles par diff\u00e9rentes formes de communication, en fonction des besoins et des situations. Cela peut surtout se produire pendant :<\/p>\n<p>&nbsp;<\/p>\n<p>Nous contacter par courriel, par t\u00e9l\u00e9phone et en utilisant le formulaire de contact situ\u00e9 sur notre site Web, ainsi qu&#8217;en recueillant les donn\u00e9es utilis\u00e9es pour se connecter au service WiFi social.<\/p>\n<p>Tout cas vous concernant personnellement \u00e0 la suite d&#8217;une demande de votre part.<\/p>\n<p>Toute correspondance avec vous concernant vos demandes, appels, questions ou pr\u00e9occupations pr\u00e9sent\u00e9es par vous.<\/p>\n<p>Utilisation de notre service par vous, y compris notre application mobile.<\/p>\n<p>Demandes d&#8217;emploi.<\/p>\n<p>Les donn\u00e9es personnelles qui nous permettent d&#8217;identifier ou de contacter une personne sp\u00e9cifique ne sont collect\u00e9es que si elles sont fournies volontairement. Par exemple, nous pourrions recueillir ces donn\u00e9es afin de vous fournir des services ou de r\u00e9pondre \u00e0 vos questions ou pr\u00e9occupations.<\/p>\n<p>&nbsp;<\/p>\n<p>Si vous ne fournissez pas de donn\u00e9es personnelles, nous ne serons g\u00e9n\u00e9ralement pas en mesure de fournir le service demand\u00e9 ou de nouer des relations d&#8217;affaires. Nous recueillons \u00e9galement des donn\u00e9es personnelles chaque fois qu&#8217;une personne sp\u00e9cifique entre en pourparlers avec nous, par exemple en cherchant un emploi, en offrant des services ou en devenant notre client ou d\u00e9biteur.<\/p>\n<p>Donn\u00e9es recueillies par l&#8217;utilisation de notre site Web<\/p>\n<p>Nous recueillons des donn\u00e9es par le biais de nos sites Web, www.bigdata.nc \u00a0En utilisant le site Web, nous pouvons recueillir vos donn\u00e9es personnelles lorsque vous acceptez de faire partie de notre liste de diffusion ou de soumettre une demande par le biais de notre formulaire de contact. Notre site Web recueille des donn\u00e9es g\u00e9n\u00e9riques, telles que l&#8217;adresse de protocole Internet et le type de navigateur que l&#8217;appareil utilise pour y acc\u00e9der. Aucune de ces informations n&#8217;est utilis\u00e9e pour identifier un utilisateur sp\u00e9cifique. Nous les utilisons pour surveiller et am\u00e9liorer nos services informatiques. Nous utilisons \u00e9galement des fichiers t\u00e9moins (petits fichiers utilis\u00e9s pour g\u00e9rer les sessions Internet afin de naviguer sur Internet) qui peuvent nous indiquer si votre appareil Internet a d\u00e9j\u00e0 visit\u00e9 notre domaine dans le pass\u00e9. De nombreux navigateurs Internet permettent un certain degr\u00e9 de contr\u00f4le dans l&#8217;utilisation des fichiers t\u00e9moins. Dans le cas o\u00f9 ils sont d\u00e9sactiv\u00e9s, certaines fonctions de notre site Web pourraient devenir indisponibles.<\/p>\n<p>&nbsp;<\/p>\n<p>Chaque fois que vous entrez en interaction avec nous en utilisant n&#8217;importe quel canal de m\u00e9dias sociaux, nous recueillerons des informations concernant cette interaction, ainsi que le compte de m\u00e9dias sociaux et le nom d&#8217;utilisateur qui est utilis\u00e9.<\/p>\n<p>&nbsp;<\/p>\n<p>Vous trouverez plus d&#8217;informations sur la collecte et le traitement des donn\u00e9es sur Facebook ou Twitter, ainsi que sur la protection de la vie priv\u00e9e sur les sites ci-dessous :<\/p>\n<p>Protection des donn\u00e9es\/conseils en mati\u00e8re de confidentialit\u00e9 des donn\u00e9es sur Facebook : http:\/\/www.facebook.com\/policy.php<\/p>\n<p>&nbsp;<\/p>\n<p>Protection des donn\u00e9es\/conseils concernant la confidentialit\u00e9 des donn\u00e9es Twitter : https:\/\/twitter.com\/privacy<\/p>\n<p>&nbsp;<\/p>\n<p>Collecte de donn\u00e9es sp\u00e9ciales<\/p>\n<p>Nous ne recueillons pas de donn\u00e9es sp\u00e9ciales, comme par exemple l&#8217;\u00e9tat de sant\u00e9.<\/p>\n<p>&nbsp;<\/p>\n<p>Pourquoi traitons-nous vos donn\u00e9es ?<\/p>\n<p>Nous traitons vos donn\u00e9es personnelles exclusivement pour les raisons qui vous ont \u00e9t\u00e9 fournies et qui sont directement li\u00e9es \u00e0 notre activit\u00e9.<\/p>\n<p>&nbsp;<\/p>\n<p>Les principales raisons d&#8217;utiliser vos donn\u00e9es personnelles sont les suivantes :<\/p>\n<p>&nbsp;<\/p>\n<p>la commercialisation de nos services existants et futurs,<\/p>\n<p>l&#8217;emploi et le recrutement,<\/p>\n<p>r\u00e9pondre \u00e0 vos questions et demandes,<\/p>\n<p>la protection de nos int\u00e9r\u00eats, y compris les litiges juridiques.<\/p>\n<p>Quelle est la base juridique de notre traitement de vos donn\u00e9es personnelles ?<\/p>\n<p>Vos donn\u00e9es personnelles, telles que d\u00e9crites ci-dessus, peuvent \u00eatre trait\u00e9es conform\u00e9ment \u00e0 l&#8217;art. 6 (1)(b)(c) du R\u00e8glement (UE) 2016\/679 du Parlement europ\u00e9en et du Conseil du 27 avril 2016 relatif \u00e0 la protection des personnes physiques \u00e0 l&#8217;\u00e9gard du traitement des donn\u00e9es \u00e0 caract\u00e8re personnel et \u00e0 la libre circulation de ces donn\u00e9es, et abrogeant la directive 95\/46\/CE (R\u00e8glement g\u00e9n\u00e9ral sur la protection des donn\u00e9es).<\/p>\n<p>&nbsp;<\/p>\n<p>A qui pouvons-nous transf\u00e9rer vos donn\u00e9es ?<\/p>\n<p>Vos donn\u00e9es ne peuvent \u00eatre transf\u00e9r\u00e9es qu&#8217;\u00e0 trois sujets :<\/p>\n<p>&nbsp;<\/p>\n<p>les sujets autoris\u00e9s &#8211; nos employ\u00e9s et coll\u00e8gues de travail qui sont tenus d&#8217;avoir acc\u00e8s aux donn\u00e9es pour l&#8217;exercice de leurs fonctions,<\/p>\n<p>entit\u00e9s de traitement &#8211; autres sujets que nous confions au traitement des donn\u00e9es,<\/p>\n<p>les sujets autoris\u00e9s \u00e0 traiter les donn\u00e9es sur la base du droit applicable, tels que les organes judiciaires ou les autorit\u00e9s charg\u00e9es des enqu\u00eates.<\/p>\n<p>Vos donn\u00e9es sont-elles envoy\u00e9es en dehors de l&#8217;Europe ?<\/p>\n<p>Nous n&#8217;envoyons pas vos donn\u00e9es personnelles en dehors de l&#8217;Espace \u00e9conomique europ\u00e9en (&#8220;EEE&#8221;) \/ pays tiers.<\/p>\n<p>&nbsp;<\/p>\n<p>Combien de temps allons-nous traiter vos donn\u00e9es ?<\/p>\n<p>Nous conservons les donn\u00e9es personnelles pendant la p\u00e9riode n\u00e9cessaire pour atteindre les objectifs sp\u00e9cifi\u00e9s dans notre politique de confidentialit\u00e9, \u00e0 moins qu&#8217;une p\u00e9riode de conservation plus longue ne soit requise ou autoris\u00e9e par la loi en vigueur. Nous respectons les r\u00e8gles et les d\u00e9lais sp\u00e9cifi\u00e9s par nous dans notre politique de confidentialit\u00e9. La dur\u00e9e maximale de conservation des donn\u00e9es peut varier en fonction du type de donn\u00e9es que nous recueillons et de la fa\u00e7on dont elles sont trait\u00e9es.<\/p>\n<p>&nbsp;<\/p>\n<p>Quels sont vos droits concernant vos donn\u00e9es ?<\/p>\n<p>Conform\u00e9ment \u00e0 la l\u00e9gislation en vigueur, vous avez le droit de demander l&#8217;acc\u00e8s \u00e0 vos donn\u00e9es ou de les faire modifier, d&#8217;ajouter toute information manquante, de les faire supprimer, de limiter leur traitement, de les faire d\u00e9placer ou de vous opposer au traitement de vos donn\u00e9es personnelles. Dans les situations o\u00f9 la demande est manifestement injustifi\u00e9e ou excessive, surtout en ce qui concerne son caract\u00e8re r\u00e9p\u00e9titif, nous sommes autoris\u00e9s \u00e0 imposer des frais raisonnables qui tiennent compte des co\u00fbts administratifs li\u00e9s au partage de l&#8217;information, \u00e0 la communication ou \u00e0 l&#8217;ex\u00e9cution de la mesure demand\u00e9e, ainsi qu&#8217;\u00e0 refuser la demande. Si vous souhaitez exercer vos droits, contactez-nous aux coordonn\u00e9es ci-dessus. Dans une situation o\u00f9 le traitement des donn\u00e9es viole les r\u00e8gles du GDPR, vous \u00eates \u00e9galement autoris\u00e9 \u00e0 d\u00e9poser une plainte aupr\u00e8s du Pr\u00e9sident de l&#8217;Office de la protection des donn\u00e9es personnelles.<\/p>\n<p>&nbsp;<\/p>\n<p>Si le traitement des donn\u00e9es est effectu\u00e9 sur la base de votre consentement, vous avez le droit de retirer votre consentement, mais son retrait n&#8217;affectera pas le respect de la loi du traitement avant le retrait.<\/p>\n<p>&nbsp;<\/p>\n<p>\u00cates-vous oblig\u00e9 de fournir vos donn\u00e9es ?<\/p>\n<p>Dans la plupart des cas, vous n&#8217;\u00eates pas oblig\u00e9 de nous fournir vos donn\u00e9es personnelles. Dans certains cas, la n\u00e9cessit\u00e9 de fournir des donn\u00e9es sp\u00e9cifiques r\u00e9sultera directement de la loi, comme le Code du travail.<\/p>\n<p>&nbsp;<\/p>\n<p>Comment prot\u00e9geons-nous vos donn\u00e9es personnelles ?<\/p>\n<p>Nous utilisons des moyens techniques et organisationnels pour prot\u00e9ger vos donn\u00e9es personnelles contre la perte accidentelle ou d\u00e9lib\u00e9r\u00e9e, les dommages ou l&#8217;acc\u00e8s non autoris\u00e9. En cas de transfert de donn\u00e9es personnelles, toutes les donn\u00e9es sont transf\u00e9r\u00e9es sous forme crypt\u00e9e afin d&#8217;\u00e9viter qu&#8217;elles ne soient utilis\u00e9es par des tiers. Nos mesures de s\u00e9curit\u00e9 sont constamment adapt\u00e9es aux derni\u00e8res technologies.<\/p>\n<p>&nbsp;<\/p>\n<p>Les droits de la personne \u00e0 laquelle les donn\u00e9es se rapportent<\/p>\n<p>Toute personne \u00e0 laquelle les donn\u00e9es se rapportent a le droit de contr\u00f4ler leur traitement par l&#8217;administrateur des donn\u00e9es personnelles, BIGDATA, dont le si\u00e8ge social est situ\u00e9 \u00e0 24, rue du Commandant Riviere 98800 Noum\u00e9a), et en particulier :<\/p>\n<p>&nbsp;<\/p>\n<p>Le droit d&#8217;acc\u00e8s aux donn\u00e9es<\/p>\n<p>La personne concern\u00e9e par les donn\u00e9es a le droit de recevoir de notre part une confirmation du traitement de ses donn\u00e9es, d&#8217;acc\u00e9der aux donn\u00e9es et de recevoir des informations sur les raisons du traitement, les cat\u00e9gories de donn\u00e9es personnelles, les destinataires ou les cat\u00e9gories de destinataires auxquels les donn\u00e9es ont \u00e9t\u00e9 ou seront r\u00e9v\u00e9l\u00e9es, en particulier les destinataires dans d&#8217;autres pays ou organisations internationales. La personne a \u00e9galement le droit de recevoir des informations concernant la dur\u00e9e pr\u00e9vue de conservation des donn\u00e9es chaque fois que cela est possible, les crit\u00e8res de fixation de la dur\u00e9e si cela n&#8217;est pas possible, le droit de demander la modification, la suppression ou la limitation du traitement des donn\u00e9es et de s&#8217;opposer \u00e0 leur traitement, et le droit d&#8217;\u00eatre inform\u00e9 de la possibilit\u00e9 de d\u00e9poser une plainte aupr\u00e8s de l&#8217;autorit\u00e9 de contr\u00f4le et, dans le cas o\u00f9 les donn\u00e9es personnelles n&#8217;ont pas \u00e9t\u00e9 acquises de la personne \u00e0 laquelle elles se rapportent, de recevoir toutes les informations disponibles concernant leur source.<\/p>\n<p>&nbsp;<\/p>\n<p>Le droit de modifier les donn\u00e9es<\/p>\n<p>La personne concern\u00e9e par les donn\u00e9es a le droit de demander la modification imm\u00e9diate de donn\u00e9es personnelles incorrectes ou de remplir des donn\u00e9es personnelles incompl\u00e8tes.<\/p>\n<p>&nbsp;<\/p>\n<p>Le droit de supprimer les donn\u00e9es (&#8220;le droit d&#8217;\u00eatre oubli\u00e9&#8221;)<\/p>\n<p>La personne concern\u00e9e par les donn\u00e9es a le droit de demander la suppression imm\u00e9diate de ses donn\u00e9es personnelles dans tous les cas o\u00f9 les donn\u00e9es ne sont plus n\u00e9cessaires aux fins pour lesquelles elles ont \u00e9t\u00e9 recueillies, ainsi que dans les cas o\u00f9 la personne a retir\u00e9 son consentement au traitement des donn\u00e9es personnelles, a d\u00e9pos\u00e9 une objection au traitement de ses donn\u00e9es ou si les donn\u00e9es sont trait\u00e9es ill\u00e9galement.<\/p>\n<p>&nbsp;<\/p>\n<p>Le droit de limiter le traitement<\/p>\n<p>La personne concern\u00e9e par les donn\u00e9es a le droit de nous ordonner de limiter le traitement des donn\u00e9es si la personne met en doute l&#8217;exactitude des donn\u00e9es, si le traitement est effectu\u00e9 ill\u00e9galement, si les donn\u00e9es ne sont plus n\u00e9cessaires au traitement ou si la personne s&#8217;est oppos\u00e9e au traitement.<\/p>\n<p>&nbsp;<\/p>\n<p>Le droit de transf\u00e9rer des donn\u00e9es<\/p>\n<p>Si le traitement des donn\u00e9es a lieu sur la base d&#8217;un contrat ou d&#8217;un contrat et est automatis\u00e9, la personne \u00e0 laquelle les donn\u00e9es se rapportent a le droit de nous ordonner de transmettre les donn\u00e9es fournies dans un format lisible par machine \u00e0 la personne en question.<\/p>\n<p>&nbsp;<\/p>\n<p>Le droit de d\u00e9poser une opposition<\/p>\n<p>La personne concern\u00e9e par les donn\u00e9es a le droit de s&#8217;opposer \u00e0 tout moment au traitement de ses donn\u00e9es personnelles, sur la base de nos affaires l\u00e9galement justifi\u00e9es. En cas d&#8217;objection, nous ne pourrons pas traiter vos donn\u00e9es personnelles, sauf si nous prouvons l&#8217;existence d&#8217;une base importante et l\u00e9galement justifi\u00e9e pour le traitement qui aurait pr\u00e9s\u00e9ance sur vos affaires, vos droits et libert\u00e9s.<\/p>\n<p>&nbsp;<\/p>\n<p>Le droit de retirer son consentement<\/p>\n<p>La personne \u00e0 laquelle se rapportent les donn\u00e9es peut \u00e0 tout moment retirer son consentement. Le retrait n&#8217;affectera pas le respect de la loi du traitement avant le retrait.<\/p>\n<p>Afin d&#8217;exercer les droits mentionn\u00e9s ci-dessus, vous pouvez utiliser les informations de contact ci-dessous :<\/p>\n<p>&nbsp;<\/p>\n<p style=\"text-align: center;\"><div role=\"form\" class=\"wpcf7\" id=\"wpcf7-f178-o1\" lang=\"fr-FR\" dir=\"ltr\">\n<div class=\"screen-reader-response\"><p role=\"status\" aria-live=\"polite\" aria-atomic=\"true\"><\/p> <ul><\/ul><\/div>\n<form action=\"\/index.php?rest_route=%2Fwp%2Fv2%2Fpages%2F956#wpcf7-f178-o1\" method=\"post\" class=\"wpcf7-form init\" novalidate=\"novalidate\" data-status=\"init\">\n<div style=\"display: none;\">\n<input type=\"hidden\" name=\"_wpcf7\" value=\"178\" \/>\n<input type=\"hidden\" name=\"_wpcf7_version\" value=\"5.5.3\" \/>\n<input type=\"hidden\" name=\"_wpcf7_locale\" value=\"fr_FR\" \/>\n<input type=\"hidden\" name=\"_wpcf7_unit_tag\" value=\"wpcf7-f178-o1\" \/>\n<input type=\"hidden\" name=\"_wpcf7_container_post\" value=\"0\" \/>\n<input type=\"hidden\" name=\"_wpcf7_posted_data_hash\" value=\"\" \/>\n<\/div>\n<p>Votre nom (obligatoire)<br \/>\n    <span class=\"wpcf7-form-control-wrap your-name\"><input type=\"text\" name=\"your-name\" value=\"\" size=\"40\" class=\"wpcf7-form-control wpcf7-text wpcf7-validates-as-required\" aria-required=\"true\" aria-invalid=\"false\" \/><\/span> <\/p>\n<p>Votre email (obligatoire)<br \/>\n    <span class=\"wpcf7-form-control-wrap your-email\"><input type=\"email\" name=\"your-email\" value=\"\" size=\"40\" class=\"wpcf7-form-control wpcf7-text wpcf7-email wpcf7-validates-as-required wpcf7-validates-as-email\" aria-required=\"true\" aria-invalid=\"false\" \/><\/span> <\/p>\n<p>Sujet<br \/>\n    <span class=\"wpcf7-form-control-wrap your-subject\"><input type=\"text\" name=\"your-subject\" value=\"\" size=\"40\" class=\"wpcf7-form-control wpcf7-text\" aria-invalid=\"false\" \/><\/span> <\/p>\n<p>Votre message<br \/>\n    <span class=\"wpcf7-form-control-wrap your-message\"><textarea name=\"your-message\" cols=\"40\" rows=\"10\" class=\"wpcf7-form-control wpcf7-textarea\" aria-invalid=\"false\"><\/textarea><\/span> <\/p>\n<p><input type=\"submit\" value=\"Envoyer\" class=\"wpcf7-form-control has-spinner wpcf7-submit\" \/><\/p>\n<p style=\"display: none !important;\"><label>&#916;<textarea name=\"_wpcf7_ak_hp_textarea\" cols=\"45\" rows=\"8\" maxlength=\"100\"><\/textarea><\/label><input type=\"hidden\" id=\"ak_js\" name=\"_wpcf7_ak_js\" value=\"190\"\/><script>document.getElementById( \"ak_js\" ).setAttribute( \"value\", ( new Date() ).getTime() );<\/script><\/p><div class=\"wpcf7-response-output\" aria-hidden=\"true\"><\/div><\/form><\/div><\/p>\n<p>&nbsp;<\/p>\n","protected":false},"excerpt":{"rendered":"<p>Politique de confidentialit\u00e9 Quand cette politique de confidentialit\u00e9 s&#8217;applique-t-elle ? La politique de confidentialit\u00e9 suivante d\u00e9termine comment nous traitons les donn\u00e9es personnelles et assurons la bonne ex\u00e9cution des r\u00e8gles r\u00e9sultant du r\u00e8glement (UE) 2016\/679 du Parlement europ\u00e9en et du Conseil du 27 avril 2016 relatif \u00e0 la protection des personnes physiques \u00e0 l&#8217;\u00e9gard du traitement [&hellip;]<\/p>\n","protected":false},"author":1,"featured_media":0,"parent":0,"menu_order":0,"comment_status":"closed","ping_status":"closed","template":"","meta":{"footnotes":""},"categories":[],"tags":[],"class_list":["post-956","page","type-page","status-publish","hentry","blog-style1"],"_links":{"self":[{"href":"https:\/\/bigdata.nc\/index.php?rest_route=\/wp\/v2\/pages\/956","targetHints":{"allow":["GET"]}}],"collection":[{"href":"https:\/\/bigdata.nc\/index.php?rest_route=\/wp\/v2\/pages"}],"about":[{"href":"https:\/\/bigdata.nc\/index.php?rest_route=\/wp\/v2\/types\/page"}],"author":[{"embeddable":true,"href":"https:\/\/bigdata.nc\/index.php?rest_route=\/wp\/v2\/users\/1"}],"replies":[{"embeddable":true,"href":"https:\/\/bigdata.nc\/index.php?rest_route=%2Fwp%2Fv2%2Fcomments&post=956"}],"version-history":[{"count":4,"href":"https:\/\/bigdata.nc\/index.php?rest_route=\/wp\/v2\/pages\/956\/revisions"}],"predecessor-version":[{"id":960,"href":"https:\/\/bigdata.nc\/index.php?rest_route=\/wp\/v2\/pages\/956\/revisions\/960"}],"wp:attachment":[{"href":"https:\/\/bigdata.nc\/index.php?rest_route=%2Fwp%2Fv2%2Fmedia&parent=956"}],"wp:term":[{"taxonomy":"category","embeddable":true,"href":"https:\/\/bigdata.nc\/index.php?rest_route=%2Fwp%2Fv2%2Fcategories&post=956"},{"taxonomy":"post_tag","embeddable":true,"href":"https:\/\/bigdata.nc\/index.php?rest_route=%2Fwp%2Fv2%2Ftags&post=956"}],"curies":[{"name":"wp","href":"https:\/\/api.w.org\/{rel}","templated":true}]}}